{"id":4855,"date":"2026-01-14T13:32:45","date_gmt":"2026-01-14T13:32:45","guid":{"rendered":"https:\/\/connexionart.ma\/?post_type=product&#038;p=4855"},"modified":"2026-01-18T12:33:58","modified_gmt":"2026-01-18T12:33:58","slug":"400-apxq-dell-900gb-15k-12g-2-5-sas-turbo-g14-g17-w-dxd9h","status":"publish","type":"product","link":"https:\/\/connexionart.ma\/index.php\/product\/400-apxq-dell-900gb-15k-12g-2-5-sas-turbo-g14-g17-w-dxd9h\/","title":{"rendered":"Dell 900GB 15K 12G 2.5 SAS Turbo G14-G17 avec DXD9H"},"content":{"rendered":"<p>Disque dur<br \/>\nDell 900 Go 15 000 tr\/min 12 Gb\/s 512e 2,5 pouces SFF SAS Gen14-17 rempla\u00e7able \u00e0 chaud, dans un tiroir Dell DXD9H 2,5 pouces SFF (g\u00e9n\u00e9ration 14-17) (voir photo), avec Turbo Boost. Num\u00e9ro de s\u00e9rie et firmware Dell authentiques . R\u00e9f\u00e9rence Dell Gen14-17 certifi\u00e9e pour entreprises : 400-APXQ.<\/p>\n<p>Compatible avec les serveurs et baies de stockage Dell suivants :<\/p>\n<p> S\u00e9rie R :<br \/>\n Dell G14 PowerEdge S\u00e9rie R : R240, R340, R440, R540, R640, R6415, R740, R740XD, R740XD2, R7415, R7425 ;<br \/>\n Dell G14 PowerEdge S\u00e9rie R : R840, R940, R940XA ;<\/p>\n<p> Dell G15 PowerEdge S\u00e9rie R : R250, R350, R450, R550, R650, R650XS, R6515, R6525, R750, R750XA, R750XS ;<br \/>\n Dell G15 PowerEdge S\u00e9rie R : R7515, R7525 ;<\/p>\n<p> Dell G16 PowerEdge S\u00e9rie R : R360, R660, R660XS, R6615, R6625, R760, R760XA, R760XD2, R760XS<br \/>\n Serveurs Dell PowerEdge s\u00e9rie R : R7615, R7625 , R860, R960 ;<\/p>\n<p> Serveurs Dell PowerEdge s\u00e9rie R : R470, R570, R670, R770, R6715, R6725, R7715, R7725<\/p>\n<p> ; Serveurs<br \/>\n Dell PowerEdge s\u00e9rie T : T40, T140, T340,<br \/>\n T640 ; Serveurs Dell PowerEdge s\u00e9rie T : T550 ; Serveurs Dell PowerEdge s\u00e9rie  T<br \/>\n : T560 ;  Serveurs Dell PowerEdge s\u00e9rie C : C3400, C3420, C4140, C6400, C6420 ; Serveurs  Dell PowerEdge s\u00e9rie C : C6520, C6525 ;  Serveurs Dell PowerEdge s\u00e9rie C : C6615, C6620<\/p>\n","protected":false},"excerpt":{"rendered":"<p>Dell 900 Go 15K 12G 2,5 SAS Turbo G14-G17 avec DXD9H<\/p>\n","protected":false},"featured_media":4859,"comment_status":"open","ping_status":"closed","template":"","meta":{"_acf_changed":false},"pwb-brand":[],"product_brand":[113],"product_cat":[102,104],"product_tag":[140],"class_list":{"0":"post-4855","1":"product","2":"type-product","3":"status-publish","4":"has-post-thumbnail","6":"product_brand-dell","7":"product_cat-serveur-options","8":"product_cat-disque-dur","9":"product_tag-400-apxq","11":"first","12":"instock","13":"sale","14":"taxable","15":"shipping-taxable","16":"purchasable","17":"product-type-simple","18":"add-to-wishlist-after_add_to_cart"},"acf":[],"brands":[],"_links":{"self":[{"href":"https:\/\/connexionart.ma\/index.php\/wp-json\/wp\/v2\/product\/4855","targetHints":{"allow":["GET"]}}],"collection":[{"href":"https:\/\/connexionart.ma\/index.php\/wp-json\/wp\/v2\/product"}],"about":[{"href":"https:\/\/connexionart.ma\/index.php\/wp-json\/wp\/v2\/types\/product"}],"replies":[{"embeddable":true,"href":"https:\/\/connexionart.ma\/index.php\/wp-json\/wp\/v2\/comments?post=4855"}],"wp:featuredmedia":[{"embeddable":true,"href":"https:\/\/connexionart.ma\/index.php\/wp-json\/wp\/v2\/media\/4859"}],"wp:attachment":[{"href":"https:\/\/connexionart.ma\/index.php\/wp-json\/wp\/v2\/media?parent=4855"}],"wp:term":[{"taxonomy":"pwb-brand","embeddable":true,"href":"https:\/\/connexionart.ma\/index.php\/wp-json\/wp\/v2\/pwb-brand?post=4855"},{"taxonomy":"product_brand","embeddable":true,"href":"https:\/\/connexionart.ma\/index.php\/wp-json\/wp\/v2\/product_brand?post=4855"},{"taxonomy":"product_cat","embeddable":true,"href":"https:\/\/connexionart.ma\/index.php\/wp-json\/wp\/v2\/product_cat?post=4855"},{"taxonomy":"product_tag","embeddable":true,"href":"https:\/\/connexionart.ma\/index.php\/wp-json\/wp\/v2\/product_tag?post=4855"}],"curies":[{"name":"wp","href":"https:\/\/api.w.org\/{rel}","templated":true}]}}